{"id":24,"date":"2022-01-24T18:10:33","date_gmt":"2022-01-24T18:10:33","guid":{"rendered":"http:\/\/radi.es\/?page_id=24"},"modified":"2022-01-24T18:41:26","modified_gmt":"2022-01-24T18:41:26","slug":"touren-2020","status":"publish","type":"page","link":"http:\/\/radi.es\/?page_id=24","title":{"rendered":"Touren 2020"},"content":{"rendered":"\n<p><strong>31.03. F\u00e4llt leider aus aufgrund der Corona Epidemie<\/strong><strong><\/strong><\/p>\n\n\n\n<p><strong>07.04.&nbsp; F\u00e4llt leider aus aufgrund der Corona Epidemie <\/strong><strong><\/strong><\/p>\n\n\n\n<p><strong>14.04.&nbsp; F\u00e4llt leider aus aufgrund der Corona Epidemie <\/strong><strong><\/strong><\/p>\n\n\n\n<p><strong>21.04.&nbsp; F\u00e4llt leider aus aufgrund der Corona Epidemie&nbsp;&nbsp;&nbsp; <\/strong><strong><\/strong><\/p>\n\n\n\n<p><strong>28.04.&nbsp; F\u00e4llt leider aus aufgrund der Corona Epidemie&nbsp; <\/strong><strong><\/strong><\/p>\n\n\n\n<p><strong>05.05.&nbsp; F\u00e4llt leider aus aufgrund der Corona Epidemie&nbsp; <\/strong><strong><\/strong><\/p>\n\n\n\n<p><strong>12.05.&nbsp; Wir treffen uns um 18:00 wie immer an der Halle.<\/strong><strong><\/strong><\/p>\n\n\n\n<p><strong>Breitensport ist ab 11.5. wieder erlaubt. Wir fahren in Gruppen wie es die aktuelle Lage erlaubt.<\/strong><strong><\/strong><\/p>\n\n\n\n<p><strong>Taubertal bis Reichholzheim, Sternwarte, oberhalb von H\u00f6hefeld, Nicklashausen, Gamburg, Uissi, Eiersche, K\u00f6nigheim, und zur\u00fcck (54km).<\/strong><strong><\/strong><\/p>\n\n\n\n<p><strong>19.05.\u00a0 Eberstadt. Ca. 74 km. Hier die Tickets:  <\/strong><a href=\"http:\/\/www.tv-dittigheim.de\/wp-content\/uploads\/2017\/05\/80_Eberstadt.pdf\" data-type=\"URL\" data-id=\"http:\/\/www.tv-dittigheim.de\/wp-content\/uploads\/2017\/05\/80_Eberstadt.pdf\">http:\/\/www.tv-dittigheim.de\/wp-content\/uploads\/2017\/05\/80_Eberstadt.pdf<\/a><\/p>\n\n\n\n<p><strong>26.05.\u00a0 Wessental mit Waldkapelle. Hier die Tickets: <\/strong><a href=\"http:\/\/www.tv-dittigheim.de\/wp-content\/uploads\/2017\/05\/78_Wessental1.pdf\" data-type=\"URL\" data-id=\"http:\/\/www.tv-dittigheim.de\/wp-content\/uploads\/2017\/05\/78_Wessental1.pdf\">http:\/\/www.tv-dittigheim.de\/wp-content\/uploads\/2017\/05\/78_Wessental1.pdf<\/a><\/p>\n\n\n\n<p><strong>02.06.\u00a0 Erlenbachtal.\u00a0 Hier die Tickets: <\/strong><a href=\"http:\/\/www.tv-dittigheim.de\/wp-content\/uploads\/2017\/05\/95_Erlenbach.pdf\" data-type=\"URL\">http:\/\/www.tv-dittigheim.de\/wp-content\/uploads\/2017\/05\/95_Erlenbach.pdf<\/a><\/p>\n\n\n\n<p><strong>09.06.\u00a0 3 Wellen von Peter. Hier die Tickets: <\/strong><a href=\"http:\/\/www.tv-dittigheim.de\/wp-content\/uploads\/2017\/05\/91_Die_3_Wellen_von_Peter.pdf\" data-type=\"URL\" data-id=\"http:\/\/www.tv-dittigheim.de\/wp-content\/uploads\/2017\/05\/91_Die_3_Wellen_von_Peter.pdf\">http:\/\/www.tv-dittigheim.de\/wp-content\/uploads\/2017\/05\/91_Die_3_Wellen_von_Peter.pdf<\/a><\/p>\n\n\n\n<p><strong>16.06.&nbsp; Hardheim, Miltenberg, teils auf dem Radweg nach Wertheim, Ortsschildsprint in Werbach, Dittigheim. <\/strong><strong><\/strong><\/p>\n\n\n\n<p><strong>23.06.&nbsp; Best of Odenwald. Achtung Start um 17:30 in H\u00f6pfingen!<\/strong><strong><\/strong><\/p>\n\n\n\n<p><strong>Wir treffen uns um 17:30 in H\u00f6pfingen an der Kneippanlage.&nbsp; Diese ist auf dem Weg nach Glashofen unterhalb von H\u00f6pfi.<\/strong><strong><\/strong><\/p>\n\n\n\n<p><strong>H\u00f6pfingen, Glashofen, Neusass, Gerolzahn, Rippberg, Radweg nach Schneeberg, Amorbach, Pulverm\u00fchle,&nbsp; Kirchzell, Watterbach, Breitenbuch, Richtung W\u00fcrzberg, ab Richtung R\u00f6merkastel,&nbsp; Hesselbach, Schlossau, Mudau, Steinbach, St\u00fcrzenhardt, Morretal nach Schneeberg, Radweg nach Walld\u00fcrn, H\u00f6pfingen.<\/strong><strong><\/strong><\/p>\n\n\n\n<p><strong>30.06.&nbsp; Unsere Spessart Tour. Achtung Start um 17:00 in Dittigheim!<\/strong><strong><\/strong><\/p>\n\n\n\n<p><strong>Hochhausen, Werbach, Taubertal nach Wertheim, Radweg nach Hasloch, Sch\u00f6llbrunn, an der Autobahnrastst\u00e4tte Richtung Dammbach, Altenbuch, Breitenbrunn, Faulbach, Radweg nach Wertheim, Taubertal bis Werbach, Dittiche.<\/strong><strong><\/strong><\/p>\n\n\n\n<p><strong>07.07.&nbsp; Rolfs Runde<\/strong><strong><\/strong><\/p>\n\n\n\n<p><strong>Dittiche-Ubb-Obb-Bernsfelden-Stalldorf-R\u00f6ttingen-Neubronn-Laudenbach-Honsbronn-Bronn-Pfitingen-Herrenzimmern-Sch\u00f6nb\u00fchl-Herbsthausen-Mgh-Dittiche<\/strong><strong><\/strong><\/p>\n\n\n\n<p><strong>14.07.&nbsp; Ruheforst Jagsthausen. Achtung Start um 17:00 in Dittigheim!<\/strong><strong><\/strong><\/p>\n\n\n\n<p><strong>Dittigheim, Dittwar, Heckfeld, Kuba, \u00dcffingen, Angelt\u00fcrn, Schillingstadt, Oberwittstadt, Ravenstein, Merchingen, Oberkessach, Unterkessach, Richtung Leuterstal, Friedwald.<\/strong><strong><\/strong><\/p>\n\n\n\n<p><strong>Unterkessach, Oberkessach, Merchingen, Skulpturenradweg, Bronnacker, Hirschlanden, Hohenstadt, Eubi, Ahorn, Heckfeld, Dittwar, Dittigheim.<\/strong><strong><\/strong><\/p>\n\n\n\n<p><strong>21.07. Buckelrunde. M\u00f6glichst viele Buckel f\u00fcr unseren H\u00f6henmeter Rekord.<\/strong><strong><\/strong><\/p>\n\n\n\n<p><strong>Dittigheim, Gr\u00fcnsfeld, \u00fcber die Autobahnrastst\u00e4tte nach Gr\u00fcnsfeldhausen, Paimar, Gro\u00dfrinderfeld, Brunntal, \u00fcber die H\u00f6he nach Wenkheim, B\u00f6digheim, Rampe nach Neubrunn,&nbsp; Niklashausen,&nbsp; Gamburg, \u00dcssi, Eiersheim, Dienstadt, Rampe nach K\u00f6nigheim, Gissigheim, Rampe nach Esselbrunn, Heckfeld, Dittwar, Hof Steinbach, Dittigheim.<\/strong><strong><\/strong><\/p>\n\n\n\n<p><strong>28.07.<\/strong><strong><\/strong><\/p>\n\n\n\n<p><strong>Habe die Quelle in Hardheim gezeigt: Bronnbach, K\u00fclsheim, Hardheim, Quelle, direkt P\u00fclfi, Gissi, Heckfelder See, Heim<\/strong><strong><\/strong><\/p>\n\n\n\n<p><strong>04.08.<\/strong><strong><\/strong><\/p>\n\n\n\n<p><strong>11.08.<\/strong><strong><\/strong><\/p>\n\n\n\n<p><strong>18.08.<\/strong><strong><\/strong><\/p>\n\n\n\n<p><strong>25.08.<\/strong><strong><\/strong><\/p>\n\n\n\n<p><strong>Hochhausen, Col de Pomm, Bronnbach, H\u00f6hefeld, Neubrunn, Wenke, Werbachhausen, Brunntal, Rinderfeld, alte W\u00fcrzburger. Nur 50km<\/strong><strong><\/strong><\/p>\n\n\n\n<p><strong>01.09. Start um 17:30.<\/strong><strong><\/strong><\/p>\n\n\n\n<p><strong>4 Buckel Runde<\/strong><strong><\/strong><\/p>\n\n\n\n<p><strong>08.09.<\/strong><strong><\/strong><\/p>\n\n\n\n<p><strong>65 km. 2:20h<\/strong><strong><\/strong><\/p>\n\n\n\n<p><strong>Buch, Gerichtstetten, neue Stecke Rosenberg, Radweg Hirschl., Eubi, Gerichtst, in Gerichtst. direckt nach Schwarzenbronn, Brehmen, Gissi, Kenche, heim<\/strong><strong><\/strong><\/p>\n\n\n\n<p><strong>15.09.<\/strong><strong><\/strong><\/p>\n\n\n\n<p><strong>Tour von Emmerich.<\/strong><strong><\/strong><\/p>\n\n\n\n<p><strong>22.09. 49km<\/strong><strong><\/strong><\/p>\n\n\n\n<p><strong>K\u00f6nigheim, langes Feld, Eiersche, \u00dcssi, K\u00fclse, Bronnbach, H\u00f6hefeld, Nicklash. heim.<\/strong><strong><\/strong><\/p>\n\n\n\n<p><strong>29.09. 50km<\/strong><strong><\/strong><\/p>\n\n\n\n<p><strong>Dittwar, Gissi, P\u00fclfi, Waldstetten, Erfeld (gro\u00dfer Schlenker), Brehmen, Esselbrunn, Heckfeld, heim. <\/strong><strong><\/strong><\/p>\n\n\n\n<p><strong>06.10. Start um 17:00.<\/strong><strong><\/strong><\/p>\n\n\n\n<p><strong>Dittwar, Heckfeld, Kuba, \u00dcffi, an der Bahn entlang nach Buch, Brehmen, Hof Birkenfeld, P\u00fclfi, Schweinberg, zur\u00fcck. 53km<\/strong><strong><\/strong><\/p>\n\n\n\n<p><strong>13.10.<\/strong><strong><\/strong><\/p>\n\n\n\n<p><strong>Hof Steinbach, oben entlang nach Heckfeld, unterbalbach, \u00dcffi, an der Bahn entlang nach Buch, Heckfeld, heim. 46km<\/strong><strong><\/strong><\/p>\n\n\n\n<p><strong>20.10.<\/strong><strong><\/strong><\/p>\n\n\n\n<p><strong>Gamburg, H\u00f6hefeld, Bronnbach, Gamburg, Apfelberg. <\/strong><strong><\/strong><\/p>\n","protected":false},"excerpt":{"rendered":"<p>31.03. F\u00e4llt leider aus aufgrund der Corona Epidemie 07.04.&nbsp; F\u00e4llt leider aus aufgrund der Corona Epidemie 14.04.&nbsp; F\u00e4llt leider aus aufgrund der Corona Epidemie 21.04.&nbsp; F\u00e4llt leider aus aufgrund der Corona Epidemie&nbsp;&nbsp;&nbsp; 28.04.&nbsp; F\u00e4llt leider aus aufgrund der Corona Epidemie&nbsp; &hellip; <a href=\"http:\/\/radi.es\/?page_id=24\">Weiterlesen <span class=\"meta-nav\">&rarr;<\/span><\/a><\/p>\n","protected":false},"author":1,"featured_media":0,"parent":0,"menu_order":21,"comment_status":"closed","ping_status":"closed","template":"","meta":{"footnotes":""},"class_list":["post-24","page","type-page","status-publish","hentry"],"_links":{"self":[{"href":"http:\/\/radi.es\/index.php?rest_route=\/wp\/v2\/pages\/24","targetHints":{"allow":["GET"]}}],"collection":[{"href":"http:\/\/radi.es\/index.php?rest_route=\/wp\/v2\/pages"}],"about":[{"href":"http:\/\/radi.es\/index.php?rest_route=\/wp\/v2\/types\/page"}],"author":[{"embeddable":true,"href":"http:\/\/radi.es\/index.php?rest_route=\/wp\/v2\/users\/1"}],"replies":[{"embeddable":true,"href":"http:\/\/radi.es\/index.php?rest_route=%2Fwp%2Fv2%2Fcomments&post=24"}],"version-history":[{"count":4,"href":"http:\/\/radi.es\/index.php?rest_route=\/wp\/v2\/pages\/24\/revisions"}],"predecessor-version":[{"id":26,"href":"http:\/\/radi.es\/index.php?rest_route=\/wp\/v2\/pages\/24\/revisions\/26"}],"wp:attachment":[{"href":"http:\/\/radi.es\/index.php?rest_route=%2Fwp%2Fv2%2Fmedia&parent=24"}],"curies":[{"name":"wp","href":"https:\/\/api.w.org\/{rel}","templated":true}]}}