{"id":39,"date":"2022-01-24T18:54:50","date_gmt":"2022-01-24T18:54:50","guid":{"rendered":"http:\/\/radi.es\/?page_id=39"},"modified":"2022-01-24T18:55:37","modified_gmt":"2022-01-24T18:55:37","slug":"touren-2016-2","status":"publish","type":"page","link":"http:\/\/radi.es\/?page_id=39","title":{"rendered":"Touren 2016"},"content":{"rendered":"\n<p><strong>Zeitumstellung 27.3 \u2013 30.10<\/strong><\/p>\n\n\n\n<p>Wir starten immer alle zusammen und besprechen vor der Tour ob und wo wir uns teilen.<\/p>\n\n\n\n<p>Deswegen gibt es jetzt die Tickets in einem neuen Format.<\/p>\n\n\n\n<p>Tourenvorschl\u00e4ge sind immer willkommen.<\/p>\n\n\n\n<p><strong>Termine:<\/strong><\/p>\n\n\n\n<p>Dieses Jahr gibt es 31 Dienstags-Ausfahrten:<\/p>\n\n\n\n<p><strong>1&nbsp;&nbsp;&nbsp;&nbsp;&nbsp;&nbsp;&nbsp;&nbsp;&nbsp; Dienstag, 29. M\u00e4rz 2016 Start 17:30<\/strong><\/p>\n\n\n\n<p>Traditionell fahren wir&nbsp;ins Welzbachtal und dann einen Teil der Gauautobahn. Hier die&nbsp;<a href=\"http:\/\/www.tv-dittigheim.de\/?attachment_id=11520\" target=\"_blank\" rel=\"noreferrer noopener\">Tickets<\/a>.<\/p>\n\n\n\n<p><strong>2&nbsp;&nbsp;&nbsp;&nbsp;&nbsp;&nbsp;&nbsp;&nbsp;&nbsp; Dienstag, 5. April 2016<\/strong><\/p>\n\n\n\n<p>Eine der letzten Runden von 2015. Wird aufrund von Teilnehmer Mangel wiederholt. Hier die&nbsp;<a href=\"http:\/\/www.tv-dittigheim.de\/?attachment_id=11521%20\" target=\"_blank\" rel=\"noreferrer noopener\">Tickets<\/a>.<\/p>\n\n\n\n<p><strong>3&nbsp;&nbsp;&nbsp;&nbsp;&nbsp;&nbsp;&nbsp;&nbsp;&nbsp; Dienstag, 12. April 2016<\/strong><\/p>\n\n\n\n<p>Hier die<a href=\"http:\/\/www.tv-dittigheim.de\/?attachment_id=11522%20\" target=\"_blank\" rel=\"noreferrer noopener\">&nbsp;Tickets&nbsp;<\/a>f\u00fcr den neuen Rad-Achter.<\/p>\n\n\n\n<p><strong>4&nbsp;&nbsp;&nbsp;&nbsp;&nbsp;&nbsp;&nbsp;&nbsp;&nbsp; Dienstag, 19. April 2016<\/strong><\/p>\n\n\n\n<p>Zwei leichte lange Steigungen und dann mit Speed durch Taubertal. Hier die&nbsp;<a href=\"http:\/\/www.tv-dittigheim.de\/?attachment_id=11523%20\" target=\"_blank\" rel=\"noreferrer noopener\">Tickets<\/a>.<\/p>\n\n\n\n<p><strong>5&nbsp;&nbsp;&nbsp;&nbsp;&nbsp;&nbsp;&nbsp;&nbsp;&nbsp; Dienstag, 26. April 2016<\/strong><\/p>\n\n\n\n<p><a href=\"http:\/\/www.tv-dittigheim.de\/?attachment_id=11524\" target=\"_blank\" rel=\"noreferrer noopener\">Neunstetten.<\/a><\/p>\n\n\n\n<p><strong>6&nbsp;&nbsp;&nbsp;&nbsp;&nbsp;&nbsp;&nbsp;&nbsp;&nbsp; Dienstag, 3. Mai 2016 Start 18:00<\/strong><\/p>\n\n\n\n<p>Heute geht es entspannt durchs Bauland. Hier die&nbsp;<a href=\"http:\/\/www.tv-dittigheim.de\/?attachment_id=11525\">Tickets<\/a>.<\/p>\n\n\n\n<p><strong>7&nbsp;&nbsp;&nbsp;&nbsp;&nbsp;&nbsp;&nbsp;&nbsp;&nbsp; Dienstag, 10. Mai 2016<\/strong><\/p>\n\n\n\n<p>Drei knackige Anstiege im n\u00f6rdlichen Taubertal wollen wir heute bew\u00e4ltigen. Hier die&nbsp;<a href=\"http:\/\/www.tv-dittigheim.de\/?attachment_id=11526\" target=\"_blank\" rel=\"noreferrer noopener\">Tickets.<\/a><\/p>\n\n\n\n<p><strong>8&nbsp;&nbsp;&nbsp;&nbsp;&nbsp;&nbsp;&nbsp;&nbsp;&nbsp; Dienstag, 17. Mai 2016<\/strong><\/p>\n\n\n\n<p>Nove Colli Runde um Tauber. &nbsp;Hier die<a href=\"http:\/\/www.tv-dittigheim.de\/wp-content\/uploads\/2016\/05\/71_Buckelrunde_um_TBB.docx\" target=\"_blank\" rel=\"noreferrer noopener\">&nbsp;Tickets.<\/a><\/p>\n\n\n\n<p><strong>9&nbsp;&nbsp;&nbsp;&nbsp;&nbsp;&nbsp;&nbsp;&nbsp;&nbsp; Dienstag, 24. Mai 2016<\/strong><\/p>\n\n\n\n<p>Erster Teil der Gaubahn. Hier die&nbsp;<a href=\"http:\/\/www.tv-dittigheim.de\/wp-content\/uploads\/2016\/05\/75_Gau.docx\" target=\"_blank\" rel=\"noreferrer noopener\">Tickets.<\/a><\/p>\n\n\n\n<p><strong>10&nbsp;&nbsp;&nbsp;&nbsp;&nbsp;&nbsp;&nbsp; Dienstag, 31. Mai 2016<\/strong><\/p>\n\n\n\n<p>Hier die&nbsp;<a href=\"http:\/\/www.tv-dittigheim.de\/wp-content\/uploads\/2016\/05\/85_Rauenberg.docx\" target=\"_blank\" rel=\"noreferrer noopener\">Tickets<\/a>&nbsp;nach Rauenberg.<\/p>\n\n\n\n<p><strong>11&nbsp;&nbsp;&nbsp;&nbsp;&nbsp;&nbsp;&nbsp; Dienstag, 7. Juni 2016<\/strong><\/p>\n\n\n\n<p>Neue Runde zum Klosterberg nach Laudenbach. Hier die<a href=\"http:\/\/www.tv-dittigheim.de\/wp-content\/uploads\/2016\/05\/86_Laudenbach.docx\" target=\"_blank\" rel=\"noreferrer noopener\">&nbsp;Tickets<\/a>.<\/p>\n\n\n\n<p><strong>12&nbsp;&nbsp;&nbsp;&nbsp;&nbsp;&nbsp;&nbsp; Dienstag, 14. Juni 2016<\/strong><\/p>\n\n\n\n<p>Morretal. Diesmal Anfahrt \u00fcber&nbsp;Glashofen und dann die Steige in Hettingenbeuren rauf. Hier wird der diesj\u00e4hrige Bergk\u00f6nig ermittelt. Das&nbsp;<a href=\"http:\/\/www.tv-dittigheim.de\/wp-content\/uploads\/2016\/06\/95_Morretal_Variante2.docx\">Ticket<\/a>&nbsp;zum Sieg.<\/p>\n\n\n\n<p><strong>13&nbsp;&nbsp;&nbsp;&nbsp;&nbsp;&nbsp;&nbsp; Dienstag, 21. Juni 2016<\/strong><\/p>\n\n\n\n<p>ausgefallen.<\/p>\n\n\n\n<p><strong>14&nbsp;&nbsp;&nbsp;&nbsp;&nbsp;&nbsp;&nbsp; Dienstag, 28. Juni 2016.<\/strong><\/p>\n\n\n\n<p>Miltenberg-Wertheim-Dittigheim mit Zielsprint in Werbach.<\/p>\n\n\n\n<p><strong>15&nbsp;&nbsp;&nbsp;&nbsp;&nbsp;&nbsp;&nbsp; Dienstag, 5. Juli 2016. Start schon um 17:00 (ca. 5h Dauer).<\/strong><\/p>\n\n\n\n<p>Unsere l\u00e4ngste Runde. 125km. Neubrunn-Marktheidenfeld-Hafenlohrtal-Rohrbrunn-Sch\u00f6llbrunn-Hasloch-Wertheim-Dittigheim. Hier die&nbsp;<a href=\"http:\/\/www.tv-dittigheim.de\/?attachment_id=11911\" target=\"_blank\" rel=\"noreferrer noopener\">Tickets<\/a><\/p>\n\n\n\n<p><strong>16&nbsp;&nbsp;&nbsp;&nbsp;&nbsp;&nbsp;&nbsp; Dienstag, 12. Juli 2016<\/strong><\/p>\n\n\n\n<p>Ins Jagsttal. Das sollte zeitlich noch drin sein. Hier die&nbsp;<a href=\"http:\/\/www.tv-dittigheim.de\/?attachment_id=11918\" target=\"_blank\" rel=\"noreferrer noopener\">Tickets<\/a>.<\/p>\n\n\n\n<p><strong>17&nbsp;&nbsp;&nbsp;&nbsp;&nbsp;&nbsp;&nbsp; Dienstag, 19. Juli 2016<\/strong><\/p>\n\n\n\n<p>Wieder Richtung Jagst, aber nur ins Erlenbachtal. Hier die&nbsp;<a href=\"http:\/\/www.tv-dittigheim.de\/?attachment_id=11917\" target=\"_blank\" rel=\"noreferrer noopener\">Tickets<\/a>.<\/p>\n\n\n\n<p><strong>18&nbsp;&nbsp;&nbsp;&nbsp;&nbsp;&nbsp;&nbsp; Dienstag, 26. Juli 2016<\/strong><\/p>\n\n\n\n<p>Kleine Spessartrunde nach Michelrieth. Hier die&nbsp;<a href=\"http:\/\/www.tv-dittigheim.de\/?attachment_id=11916\" target=\"_blank\" rel=\"noreferrer noopener\">Tickets<\/a>.<\/p>\n\n\n\n<p><strong>19&nbsp;&nbsp;&nbsp;&nbsp;&nbsp;&nbsp;&nbsp; Dienstag, 2. August 2016<\/strong><\/p>\n\n\n\n<p>Nachdem wir es nicht ins Morretal geschaft haben, geht es diesmal oberhalb entlang. Hier die&nbsp;<a href=\"http:\/\/www.tv-dittigheim.de\/?attachment_id=11914\" target=\"_blank\" rel=\"noreferrer noopener\">Tickets<\/a>.<\/p>\n\n\n\n<p><strong>20&nbsp;&nbsp;&nbsp;&nbsp;&nbsp;&nbsp;&nbsp; Dienstag, 9. August 2016<\/strong><\/p>\n\n\n\n<p>Wieder in den Odenwald. Diesmal nach Kaltenbrunn. Hier die&nbsp;<a href=\"http:\/\/www.tv-dittigheim.de\/?attachment_id=11913\" target=\"_blank\" rel=\"noreferrer noopener\">Tickets<\/a>.<\/p>\n\n\n\n<p><strong>21&nbsp;&nbsp;&nbsp;&nbsp;&nbsp;&nbsp;&nbsp; Dienstag, 16. August 2016<\/strong><\/p>\n\n\n\n<p>Nochmal in den Odenwald, nach Guggenberg. Hier die&nbsp;<a href=\"http:\/\/www.tv-dittigheim.de\/?attachment_id=11912\" target=\"_blank\" rel=\"noreferrer noopener\">Tickets<\/a>.<\/p>\n\n\n\n<p><strong>22&nbsp;&nbsp;&nbsp;&nbsp;&nbsp;&nbsp;&nbsp; Dienstag, 23. August 2016<\/strong><\/p>\n\n\n\n<p>Heute fahren wir den Skulpturen Radweg im Bauland. Hier die&nbsp;<a href=\"http:\/\/www.tv-dittigheim.de\/?p=12006\">Tickets.&nbsp;<\/a><\/p>\n\n\n\n<p><strong>23&nbsp;&nbsp;&nbsp;&nbsp;&nbsp;&nbsp;&nbsp; Dienstag, 30. August 2016<\/strong><\/p>\n\n\n\n<p>Zwei abgelegene Strecken im Bauland. Hier die&nbsp;<a href=\"http:\/\/www.tv-dittigheim.de\/?p=12005\">Tickets.<\/a><\/p>\n\n\n\n<p><strong>24&nbsp;&nbsp;&nbsp;&nbsp;&nbsp;&nbsp;&nbsp; Dienstag, 6. September 2016 Start 17:30<\/strong><\/p>\n\n\n\n<p>Heute gehts nach Bayern. Hier die&nbsp;<a href=\"http:\/\/www.tv-dittigheim.de\/?p=12004\">Tickets.<\/a><\/p>\n\n\n\n<p><strong>25&nbsp;&nbsp;&nbsp;&nbsp;&nbsp;&nbsp;&nbsp; Dienstag, 13. September 2016<\/strong><\/p>\n\n\n\n<p>Kudach und D\u00f6rntal. Zwei abgelegene H\u00f6fe im Bauland. Hier die&nbsp;<a href=\"http:\/\/www.tv-dittigheim.de\/?p=12003\">Tickets.<\/a><\/p>\n\n\n\n<p><strong>26&nbsp;&nbsp;&nbsp;&nbsp;&nbsp;&nbsp;&nbsp; Dienstag, 20. September 2016<\/strong><\/p>\n\n\n\n<p>Heute gehts nach Eggenburg. Hier die&nbsp;<a href=\"http:\/\/www.tv-dittigheim.de\/?p=12002\">Tickets<\/a>.<\/p>\n\n\n\n<p><strong>27&nbsp;&nbsp;&nbsp;&nbsp;&nbsp;&nbsp;&nbsp; Dienstag, 27. September 2016<\/strong><\/p>\n\n\n\n<p>Heute gehts an den Main. Hier die&nbsp;<a href=\"http:\/\/www.tv-dittigheim.de\/?p=12001\">Tickets<\/a>.<\/p>\n\n\n\n<p><strong>28&nbsp;&nbsp;&nbsp;&nbsp;&nbsp;&nbsp;&nbsp; Dienstag, 4. Oktober 2016 Start 17:00<\/strong><\/p>\n\n\n\n<p>Da war ich diese Jahr auch das erste mal: Obereubigheim. Hier die&nbsp;<a href=\"http:\/\/www.tv-dittigheim.de\/?p=12000\">Tickets<\/a>.<\/p>\n\n\n\n<p><strong>29&nbsp;&nbsp;&nbsp;&nbsp;&nbsp;&nbsp;&nbsp; Dienstag, 11. Oktober 2016<\/strong><\/p>\n\n\n\n<p>Die Kreise werden k\u00fcrzer. Hier die&nbsp;<a href=\"http:\/\/www.tv-dittigheim.de\/?p=11999\">Tickets.<\/a><\/p>\n\n\n\n<p><strong>30&nbsp;&nbsp;&nbsp;&nbsp;&nbsp;&nbsp;&nbsp; Dienstag, 18. Oktober 2016<\/strong><\/p>\n\n\n\n<p>Hier die&nbsp;<a href=\"http:\/\/www.tv-dittigheim.de\/?p=11998\">Tickets&nbsp;<\/a>nach Hof Uhlberg.<\/p>\n\n\n\n<p><strong>31&nbsp;&nbsp;&nbsp;&nbsp;&nbsp;&nbsp;&nbsp; Dienstag, 25. Oktober 2016<\/strong><\/p>\n\n\n\n<p>Die letzte Runde planen wir kurzfristig. Vorschl\u00e4ge willkommen.<\/p>\n\n\n\n<p>Weitere Termine:<\/p>\n\n\n\n<p><strong>Donnerstag, 26.5. Fronleichnams Prozession 300+X<\/strong><\/p>\n","protected":false},"excerpt":{"rendered":"<p>Zeitumstellung 27.3 \u2013 30.10 Wir starten immer alle zusammen und besprechen vor der Tour ob und wo wir uns teilen. Deswegen gibt es jetzt die Tickets in einem neuen Format. Tourenvorschl\u00e4ge sind immer willkommen. Termine: Dieses Jahr gibt es 31 &hellip; <a href=\"http:\/\/radi.es\/?page_id=39\">Weiterlesen <span class=\"meta-nav\">&rarr;<\/span><\/a><\/p>\n","protected":false},"author":1,"featured_media":0,"parent":29,"menu_order":4,"comment_status":"closed","ping_status":"closed","template":"","meta":{"footnotes":""},"class_list":["post-39","page","type-page","status-publish","hentry"],"_links":{"self":[{"href":"http:\/\/radi.es\/index.php?rest_route=\/wp\/v2\/pages\/39","targetHints":{"allow":["GET"]}}],"collection":[{"href":"http:\/\/radi.es\/index.php?rest_route=\/wp\/v2\/pages"}],"about":[{"href":"http:\/\/radi.es\/index.php?rest_route=\/wp\/v2\/types\/page"}],"author":[{"embeddable":true,"href":"http:\/\/radi.es\/index.php?rest_route=\/wp\/v2\/users\/1"}],"replies":[{"embeddable":true,"href":"http:\/\/radi.es\/index.php?rest_route=%2Fwp%2Fv2%2Fcomments&post=39"}],"version-history":[{"count":2,"href":"http:\/\/radi.es\/index.php?rest_route=\/wp\/v2\/pages\/39\/revisions"}],"predecessor-version":[{"id":41,"href":"http:\/\/radi.es\/index.php?rest_route=\/wp\/v2\/pages\/39\/revisions\/41"}],"up":[{"embeddable":true,"href":"http:\/\/radi.es\/index.php?rest_route=\/wp\/v2\/pages\/29"}],"wp:attachment":[{"href":"http:\/\/radi.es\/index.php?rest_route=%2Fwp%2Fv2%2Fmedia&parent=39"}],"curies":[{"name":"wp","href":"https:\/\/api.w.org\/{rel}","templated":true}]}}