{"id":44,"date":"2022-01-24T19:05:51","date_gmt":"2022-01-24T19:05:51","guid":{"rendered":"http:\/\/radi.es\/?page_id=44"},"modified":"2022-01-24T19:05:51","modified_gmt":"2022-01-24T19:05:51","slug":"impressum","status":"publish","type":"page","link":"http:\/\/radi.es\/?page_id=44","title":{"rendered":"Impressum"},"content":{"rendered":"\n<h1 class=\"wp-block-heading\">Impressum<\/h1>\n\n\n\n<p>Dies ist die Webseite eines freien nicht vereinsgebundenen Rennrad Treffs. Der Blog dient der Ver\u00f6ffentlichung der Termine.<\/p>\n\n\n\n<p>Die Teilnahme erfolgt auf eigene Gefahr.  <\/p>\n\n\n\n<p><strong>Webmaster&nbsp;<\/strong>Rainer Kern, Veitstrasse 1, 97941 Tauberbischofsheim-Dittigheim, email&nbsp;<a href=\"http:\/\/xn--standortbungsplatz-tauberbischofsheim-43d.de\/impressum\/rainer.w.kern@t-online.de\">rainer.w.kern@t-online.de<\/a><\/p>\n\n\n\n<p><strong>Datenschutz-Hinweise<\/strong><br>Die uns von Ihnen zur Verf\u00fcgung gestellten Daten werden unter Beachtung der geltenden Datenschutzvorschriften von uns gespeichert und f\u00fcr die auf dieser Seite genannten Zwecke von uns verarbeitet. Ihre personenbezogenen Daten verwenden wir im Allgemeinen, um Ihre Anfrage zu beantworten oder Ihnen Zugang zu speziellen Informationen oder Angeboten zu verschaffen. Wir wahren die Vertraulichkeit Ihrer Daten und werden sie nicht verkaufen, vermieten oder Dritten verf\u00fcgbar machen.<\/p>\n\n\n\n<p><strong>Haftungsausschluss<\/strong><br>Die Informationen auf unseren Internetseiten werden mit gr\u00f6\u00dfter Sorgfalt erstellt. S\u00e4mtliche Aussagen auf dieser Seite dienen allein der Information und sind nicht verbindlich. Sie stehen unter dem Vorbehalt jederzeitiger \u00c4nderung. Eine Haftung f\u00fcr die Richtigkeit der Aussagen wird nicht \u00fcbernommen.<\/p>\n\n\n\n<p><strong>Nutzungsbedingungen<\/strong><br>Die auf der Internet-Seite enthaltenen Inhalte sind urheberrechtlich gesch\u00fctzt. Die Inhalte d\u00fcrfen nicht ver\u00e4ndert und ohne schriftliche Genehmigung von uns auf anderen Internetseiten oder Rechnern genutzt werden. Die Inhalte d\u00fcrfen nicht f\u00fcr kommerzielle Zwecke vervielf\u00e4ltigt, vorgef\u00fchrt, verbreitet oder anderweitig verwertet werden. Ein Versto\u00df gegen diese Bestimmungen verpflichtet zur sofortigen Vernichtung aller ausgedruckten oder heruntergeladenen Inhalte. Die Geltendmachung weiterer Schadensersatzanspr\u00fcche behalten wir uns vor.<\/p>\n\n\n\n<p><strong>Internet-Links<\/strong><br>Diese Internet-Seiten enthalten auch weiterf\u00fchrende Links zu Webseiten anderer Anbieter. F\u00fcr fremde Inhalte, die \u00fcber solche Links erreichbar sind, sind wir nicht verantwortlich. Wenn wir feststellen oder darauf hingewiesen werden, dass ein verlinktes Angebot rechtswidrigen Inhalt aufweist, wird dieser Link von unserer Seite entfernt.<\/p>\n\n\n\n<p>Auf Anfrage k\u00f6nnen die Rechte an einzelne Bilder zur kommerziellen Nutzung weiter gegeben werden.<\/p>\n","protected":false},"excerpt":{"rendered":"<p>Impressum Dies ist die Webseite eines freien nicht vereinsgebundenen Rennrad Treffs. Der Blog dient der Ver\u00f6ffentlichung der Termine. Die Teilnahme erfolgt auf eigene Gefahr. Webmaster&nbsp;Rainer Kern, Veitstrasse 1, 97941 Tauberbischofsheim-Dittigheim, email&nbsp;rainer.w.kern@t-online.de Datenschutz-HinweiseDie uns von Ihnen zur Verf\u00fcgung gestellten Daten werden &hellip; <a href=\"http:\/\/radi.es\/?page_id=44\">Weiterlesen <span class=\"meta-nav\">&rarr;<\/span><\/a><\/p>\n","protected":false},"author":1,"featured_media":0,"parent":0,"menu_order":30,"comment_status":"closed","ping_status":"closed","template":"","meta":{"footnotes":""},"class_list":["post-44","page","type-page","status-publish","hentry"],"_links":{"self":[{"href":"http:\/\/radi.es\/index.php?rest_route=\/wp\/v2\/pages\/44","targetHints":{"allow":["GET"]}}],"collection":[{"href":"http:\/\/radi.es\/index.php?rest_route=\/wp\/v2\/pages"}],"about":[{"href":"http:\/\/radi.es\/index.php?rest_route=\/wp\/v2\/types\/page"}],"author":[{"embeddable":true,"href":"http:\/\/radi.es\/index.php?rest_route=\/wp\/v2\/users\/1"}],"replies":[{"embeddable":true,"href":"http:\/\/radi.es\/index.php?rest_route=%2Fwp%2Fv2%2Fcomments&post=44"}],"version-history":[{"count":1,"href":"http:\/\/radi.es\/index.php?rest_route=\/wp\/v2\/pages\/44\/revisions"}],"predecessor-version":[{"id":45,"href":"http:\/\/radi.es\/index.php?rest_route=\/wp\/v2\/pages\/44\/revisions\/45"}],"wp:attachment":[{"href":"http:\/\/radi.es\/index.php?rest_route=%2Fwp%2Fv2%2Fmedia&parent=44"}],"curies":[{"name":"wp","href":"https:\/\/api.w.org\/{rel}","templated":true}]}}